 - 5*g + 70 = -f*o. What is the remainder when 32 is divided by o?
15
Suppose -191*f = -189*f - 10. Calculate the remainder when 204 is divided by f.
4
Let n = -14 - -25. Let m = 360 + -236. Let z = m + -83. What is the remainder when z is divided by n?
8
What is the remainder when 279 is divided by 0/(-7) + ((-126)/(-2) - 1)?
31
Let r = -443 + 310. Let o = r - -193. Suppose 0 = 2*f + 3*f - o. What is the remainder when 16 is divided by f?
4
Suppose 11*y - 235 = 6*y. What is the remainder when y is divided by 37?
10
Suppose 10*m - 675 + 215 = 0. What is the remainder when 67 is divided by (36/(-8) + 6)*m/3?
21
Let h(w) = 3*w**2 - 8*w - 5. Let j be h(4). Let d = 35 - j. What is the remainder when 142 is divided by d?
22
Suppose -8*w = -9*w + 68. What is the remainder when 123 is divided by w?
55
Suppose 0 = 3*r + 5*t - 81, -13*r = -14*r - 4*t + 27. What is the remainder when r is divided by 16?
11
Suppose 0 + 4 = 4*a, 2*a = -4*r + 10. Suppose -5*j = -19 - 31. Calculate the remainder when j is divided by r.
0
Let a = 288 - 276. What is the remainder when 23 is divided by a?
11
Let o(b) = -32*b - 2. Let y be o(-7). Calculate the remainder when (12/18)/(4/y) is divided by 20.
17
Let f be (-6)/(18/(-15)) - -2. Suppose f + 35 = 6*q. What is the remainder when 36 is divided by q?
1
Let c be 3762/36*2*1. Let p = c + -156. Suppose 2*w + 2 = 0, 0 = -0*d - 3*d + 4*w + 46. Calculate the remainder when p is divided by d.
11
Suppose 2*r - 4*m + 145 = -3*r, -2*r + m - 55 = 0. Let p = -10 - r. What is the remainder when 43 is divided by p?
13
Suppose -33*t - 2430 = -51*t. What is the remainder when t is divided by 52?
31
What is the remainder when 69 is divided by (-6)/(-4*(-3)/(-72))?
33
Suppose 7*k - 1211 = -0*k. What is the remainder when k is divided by 16?
13
Suppose -2*q + 484 = 2*h, 3*h - 5*q = -h + 950. Let r = 545 - h. Suppose -2*s + r = 3*s. What is the remainder when s is divided by 16?
13
Suppose -4*n + 0*t - 2*t + 20 = 0, 0 = 3*n + 3*t - 21. Suppose -i + n*i - 82 = 0. What is the remainder when 53 is divided by 2/6 + i/3?
11
Let m(r) = -5 + 4 - 3 - 9*r. Suppose 11 = -h + 8, 2*p = 3*h + 5. Calculate the remainder when 67 is divided by m(p).
11
Suppose -36 = -3*c + j, 19*c - 16*c - 4*j - 27 = 0. What is the remainder when 60 is divided by c?
8
Let o(f) = 41*f**3 - 5*f**2 + 7*f - 2. What is the remainder when 88 is divided by o(1)?
6
Let w = 18 - 12. Calculate the remainder when (-96)/(-4) + 48/(-24) is divided by w.
4
Let n = -26 + 81. Suppose 0 = 2*t + 2*t - 56. Calculate the remainder when ((-22)/n)/(4/(-410)) is divided by t.
13
Suppose -4*l + 44 = -p, -7*p = -3*p + 16. Calculate the remainder when 63 is divided by (-12)/((-4)/l + (-21)/60).
15
Suppose 0 = -55*m + 32*m + 2369. What is the remainder when m is divided by 7?
5
Calculate the remainder when 908 is divided by 7 - ((-14)/10 + 42/(-70)).
8
Suppose -30 = -3*n + 18. What is the remainder when 47 is divided by n?
15
Suppose -2392 = 8*o - 11216. Calculate the remainder when o is divided by 48.
47
Suppose 4 = -l + 3*k - 3, k - 4 = 0. Let a(d) = -2*d**3 - 9*d**2 - d - 6. Calculate the remainder when a(-5) is divided by l.
4
Let p = 3296 + -3288. Suppose 0 = -5*h - c + 109, 1 = c - 2*c. What is the remainder when h is divided by p?
6
Suppose -9 = 4*g + 7. Let x(t) = -3560 + 0*t + 4*t + t**2 + 3566. Calculate the remainder when x(g) is divided by 3.
0
Let z = -227 + 245. Calculate the remainder when 48 is divided by z.
12
Suppose -4*r = -j - 8*r + 13, -r = -j + 18. Calculate the remainder when 99 is divided by j.
14
Suppose -2*d = -4*f - 116, 1 + 2 = 3*f. Suppose 2*p + 4*n - 12 = 0, 4*p + p - 5*n = d. Let s = -29 - -56. What is the remainder when s is divided by p?
7
Let u(c) = c**2 - c + 16. Let s be u(0). Let i(z) = z**3 + 6*z**2 + 3*z + 8. Let f be i(-6). Calculate the remainder when 58 is divided by f/(s/(-6) - -2).
13
What is the remainder when 59 is divided by (9/4 - 1)/(42/1512)?
14
Let m be (-3)/8 + (-4)/(32/(-395)). Calculate the remainder when (-15 - m)/(0 + 2 - 4) is divided by 12.
8
Suppose 7*p = -0*p + 371. Let z = -14 - -92. Suppose -5*f = -5*r - 70, -f = -6*f + 3*r + z. What is the remainder when p is divided by f?
17
Let s = -16 + 26. Calculate the remainder when s is divided by 1.
0
Let r(v) = -v - 4. Let c be r(-7). Suppose -3*f - 42 = 5*l - 6*f, -c*l = 5*f + 32. Calculate the remainder when 2 - (l - -2 - -2) is divided by 2.
1
Let w be -13*1*(7 + -13). Suppose 0 = -77*y + w*y - 2. Calculate the remainder when 9 is divided by y.
1
Suppose 36*k - 58 = 7*k. Suppose 1 = -3*m + 19. What is the remainder when m is divided by k?
0
Let m = -249 + 259. What is the remainder when 57 is divided by m?
7
Let j = 661 + -573. What is the remainder when 218 is divided by j?
42
Let i(j) = -258*j - 6. Calculate the remainder when i(-1) is divided by 62.
4
Let m = 9 - 9. Let s be 4/18 - 34/(-9). What is the remainder when 33 is divided by (6 - m)*6/s?
6
Suppose -141 = -5*h - 4*y, -y = 2*h - 5*y - 62. Let d(o) = o**2 - 12*o + 6. What is the remainder when d(-6) is divided by h?
27
Suppose z = 0, -q - 5*z + 1 = -0*q. Calculate the remainder when 71/q + -9 + 9 is divided by 18.
17
Let z = 902 + -472. Calculate the remainder when z is divided by 139.
13
Suppose -3*s = -75 - 165. What is the remainder when 240 is divided by s?
0
Suppose 4*b = 2*f + 2*f + 136, 4*f + 4*b = -112. Suppose t = -4*n + 82, 3*n - 6*n = 5*t - 427. Let m = f + t. Calculate the remainder when m is divided by 14.
13
Let q(m) = -34*m - 252. Calculate the remainder when q(-11) is divided by 9.
5
Suppose 32 = -z + 3*z. Suppose -2*i = 5*i - 63. Calculate the remainder when z is divided by i.
7
Suppose 3*c = 2*c + 3. Let w(m) = m**3 - 7*m**2 - 9*m + 2. Let r be w(8). Calculate the remainder when 20 is divided by ((-22)/r)/(c/9).
9
Let f(q) = 6*q - 16. Let b be f(-5). Let g = b + 52. What is the remainder when 20 is divided by g?
2
Suppose -6820 - 3356 = -424*f. Calculate the remainder when 4/18 + 853/9 is divided by f.
23
Suppose -3*m = 2*m - 35. What is the remainder when m + -3 - 1 - -32 is divided by 9?
8
Let q = 477 - 446. What is the remainder when 153 is divided by q?
29
Let x = -1300 - -1332. What is the remainder when 223 is divided by x?
31
Suppose 3*x + 3*t = 54, 2*t - 14 = -x + 3*t. What is the remainder when x is divided by 7?
2
Suppose 0 = 95*o - 1311 - 4294. What is the remainder when o is divided by 16?
11
Let s = -19 + 19. Suppose 4*p - v = 25, s = -3*p - v + 3*v + 20. Calculate the remainder when 11 is divided by p.
5
Suppose -3*q + 12 = 0, -2*s = -4*s - q + 36. Let j = s - -7. Suppose -2*c = -19 - 67. What is the remainder when c is divided by j?
20
Suppose 19 - 51 = -w + 2*j, -j + 35 = w. Let s = -151 - -251. What is the remainder when s is divided by w?
32
Suppose -2*h = 5*i - 20, 0 = 5*i + 13 - 23. What is the remainder when 149 is divided by h?
4
Suppose 5*j + 180 = 2*j. Let v be ((-6)/8)/(5/j). Suppose 0 = 4*q + 2*h - 54, 5*h = -4*q + 54 - v. What is the remainder when q is divided by 9?
6
Suppose -a - 2*a = -18. Suppose 2*y + 14 = -4*p, -3*p = -a*p - 6. Calculate the remainder when (-1)/(1/y*1) is divided by 2.
1
Suppose 22*a - 766 + 678 = 0. What is the remainder when 337 is divided by a?
1
Let v = -17 + 11. Let m(r) = -34*r - 8. Let p be m(v). Let w = p - 133. Calculate the remainder when w is divided by 16.
15
Suppose -151*s + 150*s + 198 = 0. What is the remainder when s is divided by 83?
32
Suppose -474 = -12*s + 18*s. Let z = s + 247. Calculate the remainder when z is divided by 34.
32
Let i = 166 - 147. Suppose -2*d + 0*n = 5*n + 16, -2*d + n = 4. Let u(q) = -24*q + 3. What is the remainder when u(d) is divided by i?
18
Suppose -5*v + a + 522 = -57, 0 = -4*a - 16. Calculate the remainder when v is divided by 60.
55
Let y(z) = -z**3 + 7*z**2 - 10*z + 32. Calculate the remainder when 182 is divided by y(6).
6
Let m(b) = 2*b**2 - 2*b - 4. Let k be m(5). Let y = k + -21. Suppose -4*z + 5*i = -32, 2*z - 8 = i + 8. Calculate the remainder when y is divided by z.
7
Suppose 5*o - 383 = -43. Suppose -4*g - o = -p - 3, -4*p - 5*g + 344 = 0. What is the remainder when p is divided by 12?
9
Suppose 5*s - d - 19 = -3, -2*d = -s - 4. Suppose s*g - p + 0*p - 41 = 0, 0 = -5*g + 5*p + 70. What is the remainder whe